est common divisor of 2313 and 9?
9
Calculate the greatest common factor of 30 and 4704.
6
What is the greatest common divisor of 143 and 2444?
13
Calculate the greatest common divisor of 415 and 332.
83
Calculate the greatest common divisor of 7568 and 4472.
344
What is the highest common factor of 162 and 90?
18
Calculate the highest common divisor of 1860 and 255.
15
What is the highest common divisor of 1248 and 408?
24
What is the greatest common divisor of 767 and 208?
13
Calculate the greatest common divisor of 8379 and 171.
171
What is the greatest common factor of 20 and 55?
5
Calculate the highest common divisor of 112 and 96.
16
What is the greatest common factor of 1517 and 41?
41
What is the highest common factor of 272 and 6?
2
Calculate the highest common divisor of 35 and 56.
7
Calculate the greatest common factor of 464 and 348.
116
Calculate the highest common factor of 15 and 445.
5
What is the highest common factor of 11936 and 64?
32
What is the highest common factor of 132 and 1122?
66
Calculate the highest common factor of 8 and 872.
8
Calculate the greatest common divisor of 59 and 177.
59
Calculate the highest common divisor of 16 and 12904.
8
Calculate the greatest common divisor of 8 and 5944.
8
What is the highest common divisor of 3333 and 44?
11
What is the highest common divisor of 111 and 333?
111
Calculate the greatest common divisor of 80 and 32.
16
What is the highest common factor of 50 and 7190?
10
Calculate the greatest common divisor of 5126 and 66.
22
What is the greatest common factor of 128 and 160?
32
Calculate the greatest common factor of 98 and 5194.
98
What is the greatest common divisor of 35 and 7?
7
What is the greatest common factor of 145 and 5?
5
Calculate the greatest common factor of 120 and 96.
24
Calculate the greatest common divisor of 8375 and 125.
125
What is the greatest common divisor of 481 and 13?
13
What is the greatest common factor of 502 and 6275?
251
Calculate the highest common factor of 184 and 64.
8
What is the highest common factor of 888 and 1554?
222
Calculate the greatest common factor of 432 and 81.
27
What is the highest common factor of 735 and 10?
5
What is the greatest common divisor of 11 and 583?
11
Calculate the greatest common factor of 35 and 26915.
35
What is the highest common factor of 65 and 273?
13
Calculate the greatest common divisor of 152 and 16.
8
Calculate the highest common factor of 48 and 1200.
48
What is the greatest common factor of 2079 and 308?
77
Calculate the highest common factor of 6125 and 147.
49
Calculate the highest common factor of 235 and 12831.
47
Calculate the greatest common factor of 280 and 168.
56
What is the highest common divisor of 205 and 738?
41
What is the highest common divisor of 12 and 51?
3
What is the greatest common factor of 2648 and 16?
8
Calculate the greatest common factor of 70 and 4025.
35
Calculate the greatest common factor of 305 and 427.
61
What is the greatest common factor of 414 and 230?
46
Calculate the greatest common factor of 609 and 2349.
87
Calculate the highest common divisor of 7690 and 10.
10
What is the highest common factor of 16 and 16?
16
Calculate the greatest common divisor of 198 and 1485.
99
What is the highest common divisor of 5157 and 27?
27
Calculate the greatest common factor of 70 and 434.
14
What is the greatest common divisor of 123 and 1599?
123
Calculate the greatest common factor of 5364 and 648.
36
Calculate the greatest common factor of 8526 and 174.
174
What is the greatest common factor of 12 and 15576?
12
What is the highest common factor of 832 and 192?
64
Calculate the highest common divisor of 8 and 4744.
8
What is the greatest common factor of 1222 and 1739?
47
What is the greatest common divisor of 1584 and 5346?
198
Calculate the greatest common factor of 624 and 143.
13
What is the highest common divisor of 494 and 52?
26
Calculate the greatest common factor of 160 and 3584.
32
What is the highest common factor of 1058 and 598?
46
What is the greatest common divisor of 12 and 192?
12
Calculate the highest common factor of 2025 and 90.
45
What is the greatest common factor of 5418 and 252?
126
Calculate the greatest common divisor of 488 and 1098.
122
Calculate the highest common divisor of 108 and 168.
12
What is the highest common divisor of 48 and 72?
24
Calculate the highest common divisor of 264 and 11.
11
What is the highest common factor of 58 and 1392?
58
Calculate the highest common factor of 95 and 2945.
95
Calculate the highest common factor of 92 and 253.
23
Calculate the highest common factor of 188 and 128.
4
Calculate the highest common factor of 15 and 255.
15
What is the greatest common divisor of 806 and 31?
31
What is the highest common divisor of 80 and 1580?
20
Calculate the greatest common factor of 104 and 91.
13
What is the highest common divisor of 12008 and 380?
76
Calculate the highest common factor of 16055 and 338.
169
Calculate the greatest common factor of 475 and 200.
25
Calculate the greatest common divisor of 16 and 1072.
16
Calculate the greatest common factor of 125 and 275.
25
What is the greatest common divisor of 1582 and 98?
14
Calculate the highest common divisor of 51 and 561.
51
What is the greatest common factor of 6 and 9?
3
Calculate the highest common factor of 975 and 45.
15
What is the highest common factor of 111 and 75?
3
What is the greatest common divisor of 60 and 2070?
30
What is the greatest common divisor of 637 and 1176?
49
Calculate the greatest common factor of 9 and 657.
9
Calculate the greatest common divisor of 1075 and 43.
43
Calculate the highest common factor of 9 and 3141.
9
What is the highest common divisor of 5770 and 10?
10
What is the highest common divisor of 135 and 180?
45
Calculate the greatest common factor of 123 and 41.
41
What is the greatest common factor of 144 and 9?
9
Calculate the greatest common divisor of 60 and 8724.
12
What is the greatest common factor of 91 and 28?
7
What is the greatest common divisor of 19754 and 17?
17
What is the highest common divisor of 1309 and 22?
11
Calculate the highest common divisor of 1632 and 48.
48
What is the greatest common divisor of 57 and 76?
19
Calculate the greatest common factor of 60 and 66.
6
What is the highest common factor of 16 and 464?
16
Calculate the greatest common divisor of 414 and 126.
18
What is the greatest common factor of 280 and 70?
70
What is the greatest common divisor of 1397 and 2286?
127
Calculate the highest common factor of 143 and 275.
11
Calculate the highest common factor of 72 and 1224.
72
What is the highest common factor of 39 and 260?
13
What is the highest common divisor of 4263 and 105?
21
What is the greatest common factor of 729 and 27?
27
Calculate the highest common divisor of 15109 and 29.
29
What is the highest common divisor of 3 and 147?
3
Calculate the greatest common factor of 889 and 3429.
127
Calculate the highest common factor of 70 and 20930.
70
Calculate the highest common divisor of 574 and 84.
14
What is the greatest common divisor of 28 and 2324?
28
What is the highest common factor of 328 and 123?
41
What is the highest common factor of 69 and 1403?
23
What is the highest common divisor of 600 and 3240?
120
What is the greatest common factor of 2 and 17?
1
Calculate the greatest common factor of 4816 and 258.
86
What is the greatest common divisor of 32 and 1148?
4
Calculate the highest common divisor of 87 and 1131.
87
Calculate the highest common factor of 47 and 1269.
47
Calculate the greatest common factor of 1349 and 76.
19
What is the highest common factor of 150 and 1725?
75
What is the greatest common divisor of 42 and 8?
2
What is the greatest common divisor of 496 and 80?
16
What is the greatest common factor of 1470 and 15?
15
Calculate the greatest common factor of 2048 and 80.
16
What is the greatest common divisor of 69 and 69?
69
What is the highest common divisor of 292 and 20?
4
Calculate the highest common divisor of 575 and 46.
23
Calculate the highest common factor of 38810 and 20.
10
What is the highest common factor of 8832 and 48?
48
Calculate the highest common divisor of 187 and 7480.
187
Calculate the greatest common divisor of 35 and 637.
7
What is th